{"id":174,"date":"2015-06-08T13:13:18","date_gmt":"2015-06-08T11:13:18","guid":{"rendered":"http:\/\/herfred.dk\/?page_id=174"},"modified":"2023-12-22T13:40:07","modified_gmt":"2023-12-22T12:40:07","slug":"herberger","status":"publish","type":"page","link":"https:\/\/herfred.dk\/?page_id=174","title":{"rendered":"Herberger"},"content":{"rendered":"<p>Herberger for hjeml\u00f8se i K\u00f8benhavnsomr\u00e5det.<\/p>\n<p>Bem\u00e6rk at stederne henvender sig til forskellige m\u00e5lgrupper, idet nogle steder henvender sig til misbrugere og andre blot til socialt ramte og eventuelt familier.<\/p>\n<p><a href=\"https:\/\/blaakors.dk\/vores-arbejde\/misbrugsbehandling-og-botilbud\/blaa-kors-pensionat-taastrup\" target=\"_blank\" rel=\"noopener\"><strong>Bl\u00e5 Kors pensionatet<\/strong><\/a><br \/>\nLudwig Hegners All\u00e9 2, 2630 Taastrup, Tlf: 43 99 81 71.<\/p>\n<p><a href=\"http:\/\/hilleroedgade.kirkenskorshaer.dk\/\" target=\"_blank\" rel=\"noopener\"><strong>Hiller\u00f8dgade, Kirkens Korsh\u00e6rs<\/strong> (misbrug)<\/a><br \/>\nHiller\u00f8dgade 62-64, 2200 K\u00f8benhavn N, Tlf: 38 34 81 25.<\/p>\n<p><a href=\"https:\/\/himmelekspressen.dk\/\"><strong>Herberget Himmelekspressen<\/strong><\/a><br \/>\nVasbygade 40, 2450 K\u00f8benhavn, Tlf: 33 31 46 33.<\/p>\n<p><a href=\"http:\/\/www.frelsenshaer.dk\/hvad-laver-vi\/socialt_arbejde\/hjemlose\" target=\"_blank\" rel=\"noopener\"><strong>H\u00f8rhuset<\/strong><\/a><br \/>\nH\u00f8rhusvej 5, 2300 K\u00f8benhavn S, Tlf: 32 55 56 22.<\/p>\n<p><a href=\"https:\/\/www.kfumskollegium.dk\/\" target=\"_blank\" rel=\"noopener\"><strong>KFUM\u2019s kollegium<\/strong><\/a><br \/>\nAugust Gardes Vej 9, 2300 K\u00f8benhavn S, Tlf: 32 54 54 07.<\/p>\n<p><strong>Kirkens korsh\u00e6rs Varmestue og Herberg<\/strong><br \/>\nStubbedamsvej 10 st., 3000 Helsing\u00f8r, Tlf: 49 20 10 82.<\/p>\n<p><a href=\"http:\/\/kollegiet.info\/\" target=\"_blank\" rel=\"noopener\"><strong>Kollegiet<\/strong><\/a><br \/>\nGl. K\u00f8ge landevej 137, 2500 Valby, Tlf: 36 30 43 21.<\/p>\n<p><strong><a href=\"http:\/\/www.lindevangen.dk\" target=\"_blank\" rel=\"noopener\">Lindevangen<\/a><\/strong><br \/>\nLindevangs All\u00e9 7, 2000 Frederiksberg, Tlf: 38 86 40 61<\/p>\n<p><a href=\"http:\/\/www.laerkehoej.dk\" target=\"_blank\" rel=\"noopener\"><strong>L\u00e6rkeh\u00f8j<\/strong> (misbrug &amp; psykisk sygdom)<\/a><br \/>\nLindevangs All\u00e9 9, 2000 Frederiksberg, Tlf: 38 32 32 00.<\/p>\n<p><a href=\"http:\/\/maendeneshjem.dk\/\" target=\"_blank\" rel=\"noopener\"><strong>M\u00e6ndenes hjem<\/strong> <\/a>(misbrug)<br \/>\nLille Istedgade 2, 1706 K\u00f8benhavn V, Tlf: 33 24 39 04.<\/p>\n<p><a href=\"http:\/\/www.overfoerstergaarden.dk\/\" target=\"_blank\" rel=\"noopener\"><strong>Overf\u00f8rsterg\u00e5rden<\/strong><\/a><br \/>\nJ\u00e6gersborg All\u00e9 139, 2820 Gentofte, Tlf: 39 76 35 15.<\/p>\n<p><a href=\"https:\/\/www.densocialevirksomhed.dk\/CFB\/forsorg\/Sider\/default.aspx\" target=\"_blank\" rel=\"noopener\"><strong>Den sociale virksomhed <\/strong><\/a><br \/>\nNdr. Ringvej 67, 2630 Taastrup, Tlf: 43 96 86 55.<br \/>\nSkansevej 2 c, 3400 Hiller\u00f8d, Tlf: 48 20 02 20<\/p>\n<p><a href=\"https:\/\/www.kk.dk\/institution\/herbergscentret-sundholm\" target=\"_blank\" rel=\"noopener\"><strong>Herbergscenteret Sundholm<\/strong>\u00a0<\/a>(misbrug)<br \/>\nSundholmsvej 16, 2300 K\u00f8benhavn S, Tlf: 33 17 67 16 (indskrivning), Tlf: 33 17 67 15 (hovednummer).<\/p>\n<p><strong>Torneh\u00f8jg\u00e5rd<\/strong> (misbrug)<br \/>\nKlausdalsbrovej 271, 2730 Herlev, Tlf: 39 57 61 15.<\/p>\n<h2><strong><em>Tilbud til kvinder og evt. b\u00f8rn:<\/em><\/strong><\/h2>\n<p><a href=\"https:\/\/udsattevoksneogfamilier.kk.dk\/til-dig-der-er-udsat-for-vold-i-naer-relation\/klostermosegaard\"><strong>Familiebostedet Klostermoseg\u00e5rd<\/strong><\/a> (kun for voldsramte kvinder &amp; b\u00f8rn)<br \/>\nKlostermosevej 117, 3000 Helsing\u00f8r, Tlf: 33 17 46 46.<\/p>\n<p><a href=\"http:\/\/kvindekrisecenterdaad.dk\/\"><strong>Krise- og familieherberget Den \u00c5bne D\u00f8r<\/strong><\/a><br \/>\nHedebygade 30, 1754 K\u00f8benhavn V, Tlf. 33 24 91 03.<\/p>\n<p><a href=\"https:\/\/www.densocialevirksomhed.dk\/roede-kors-herberg-for-kvinder\/Sider\/default.aspx\" target=\"_blank\" rel=\"noopener\"><strong>R\u00f8de Kors\u00a0Herberg\u00a0for\u00a0Kvinder<\/strong><\/a><br \/>\nKetteg\u00e5rds All\u00e9 14, 2650 Hvidovre, Tlf: 36 61 95 03.<\/p>\n<p><a href=\"https:\/\/www.densocialevirksomhed.dk\/svendebjerggaard\/Sider\/default.aspx\" target=\"_blank\" rel=\"noopener\"><strong>Svendebjergg\u00e5rd Krisecenter<\/strong><\/a><br \/>\nCath. Boothsvej 20, 2650 Hvidovre, Tlf: 36 49 65 77.<\/p>\n","protected":false},"excerpt":{"rendered":"<p>Herberger for hjeml\u00f8se i K\u00f8benhavnsomr\u00e5det. Bem\u00e6rk at stederne henvender sig til forskellige m\u00e5lgrupper, idet nogle steder henvender sig til misbrugere og andre blot til socialt ramte og eventuelt familier. Bl\u00e5 Kors pensionatet Ludwig Hegners All\u00e9 2, 2630 Taastrup, Tlf: 43&hellip;<\/p>\n","protected":false},"author":3,"featured_media":0,"parent":21,"menu_order":1,"comment_status":"open","ping_status":"open","template":"","meta":{"footnotes":""},"class_list":["post-174","page","type-page","status-publish","hentry"],"_links":{"self":[{"href":"https:\/\/herfred.dk\/index.php?rest_route=\/wp\/v2\/pages\/174","targetHints":{"allow":["GET"]}}],"collection":[{"href":"https:\/\/herfred.dk\/index.php?rest_route=\/wp\/v2\/pages"}],"about":[{"href":"https:\/\/herfred.dk\/index.php?rest_route=\/wp\/v2\/types\/page"}],"author":[{"embeddable":true,"href":"https:\/\/herfred.dk\/index.php?rest_route=\/wp\/v2\/users\/3"}],"replies":[{"embeddable":true,"href":"https:\/\/herfred.dk\/index.php?rest_route=%2Fwp%2Fv2%2Fcomments&post=174"}],"version-history":[{"count":30,"href":"https:\/\/herfred.dk\/index.php?rest_route=\/wp\/v2\/pages\/174\/revisions"}],"predecessor-version":[{"id":2176,"href":"https:\/\/herfred.dk\/index.php?rest_route=\/wp\/v2\/pages\/174\/revisions\/2176"}],"up":[{"embeddable":true,"href":"https:\/\/herfred.dk\/index.php?rest_route=\/wp\/v2\/pages\/21"}],"wp:attachment":[{"href":"https:\/\/herfred.dk\/index.php?rest_route=%2Fwp%2Fv2%2Fmedia&parent=174"}],"curies":[{"name":"wp","href":"https:\/\/api.w.org\/{rel}","templated":true}]}}