{"id":38,"date":"2015-05-11T11:33:02","date_gmt":"2015-05-11T09:33:02","guid":{"rendered":"http:\/\/herfred.dk\/?page_id=38"},"modified":"2022-01-04T08:53:40","modified_gmt":"2022-01-04T07:53:40","slug":"ledelse","status":"publish","type":"page","link":"https:\/\/herfred.dk\/?page_id=38","title":{"rendered":"Ledelse"},"content":{"rendered":"<p>Ledelsen af Herbergerne p\u00e5 Frederiksberg best\u00e5r af en f\u00e6lles forstander samt de to daglige ledere af herbergerne Lindevangen og L\u00e6rkeh\u00f8j, der drives som selvst\u00e6ndige enheder:<\/p>\n<p>Forstander for Herbergerne p\u00e5 Frederiksberg:<br \/><strong>S\u00f8ren Romar<\/strong>: 40 15 20 45, <a href=\"mailto:romar@lindevangen.dk\">romar@lindevangen.dk<\/a><\/p>\n<p>Lindevangens daglige leder:<br \/><strong>Annette Mainz<\/strong>:\u00a038 16 02 20, <a href=\"mailto:annette.mainz@lindevangen.dk\">annette.mainz@lindevangen.dk<\/a><\/p>\n<p>L\u00e6rkeh\u00f8js daglige leder:<br \/><strong>Marie Louise Damgaard:<\/strong> 21 45 40 25, <a href=\"maried@laerkehoej.dk\">maried@laerkehoej.dk<\/a><\/p>\n<p>Der er nedsat et f\u00e6lles MED-udvalg med ledelses- og medarbejderrepr\u00e6sentanter fra begge herberger.<\/p>\n\n\n<p><\/p>\n","protected":false},"excerpt":{"rendered":"<p>Ledelsen af Herbergerne p\u00e5 Frederiksberg best\u00e5r af en f\u00e6lles forstander samt de to daglige ledere af herbergerne Lindevangen og L\u00e6rkeh\u00f8j, der drives som selvst\u00e6ndige enheder: Forstander for Herbergerne p\u00e5 Frederiksberg:S\u00f8ren Romar: 40 15 20 45, romar@lindevangen.dk Lindevangens daglige leder:Annette Mainz:\u00a038&hellip;<\/p>\n","protected":false},"author":2,"featured_media":0,"parent":8,"menu_order":3,"comment_status":"closed","ping_status":"closed","template":"","meta":{"footnotes":""},"class_list":["post-38","page","type-page","status-publish","hentry"],"_links":{"self":[{"href":"https:\/\/herfred.dk\/index.php?rest_route=\/wp\/v2\/pages\/38","targetHints":{"allow":["GET"]}}],"collection":[{"href":"https:\/\/herfred.dk\/index.php?rest_route=\/wp\/v2\/pages"}],"about":[{"href":"https:\/\/herfred.dk\/index.php?rest_route=\/wp\/v2\/types\/page"}],"author":[{"embeddable":true,"href":"https:\/\/herfred.dk\/index.php?rest_route=\/wp\/v2\/users\/2"}],"replies":[{"embeddable":true,"href":"https:\/\/herfred.dk\/index.php?rest_route=%2Fwp%2Fv2%2Fcomments&post=38"}],"version-history":[{"count":13,"href":"https:\/\/herfred.dk\/index.php?rest_route=\/wp\/v2\/pages\/38\/revisions"}],"predecessor-version":[{"id":626,"href":"https:\/\/herfred.dk\/index.php?rest_route=\/wp\/v2\/pages\/38\/revisions\/626"}],"up":[{"embeddable":true,"href":"https:\/\/herfred.dk\/index.php?rest_route=\/wp\/v2\/pages\/8"}],"wp:attachment":[{"href":"https:\/\/herfred.dk\/index.php?rest_route=%2Fwp%2Fv2%2Fmedia&parent=38"}],"curies":[{"name":"wp","href":"https:\/\/api.w.org\/{rel}","templated":true}]}}